s divided by 50.
28
What is the remainder when 158 is divided by 40?
38
What is the remainder when 2292 is divided by 326?
10
Calculate the remainder when 80 is divided by 55.
25
What is the remainder when 103 is divided by 25?
3
Calculate the remainder when 47 is divided by 26.
21
What is the remainder when 2875 is divided by 80?
75
Calculate the remainder when 104 is divided by 94.
10
What is the remainder when 429 is divided by 174?
81
What is the remainder when 318 is divided by 80?
78
Calculate the remainder when 1049 is divided by 27.
23
Calculate the remainder when 28 is divided by 15.
13
Calculate the remainder when 459 is divided by 22.
19
What is the remainder when 32 is divided by 23?
9
Calculate the remainder when 1747 is divided by 61.
39
Calculate the remainder when 11913 is divided by 3970.
3
Calculate the remainder when 455 is divided by 8.
7
Calculate the remainder when 68 is divided by 27.
14
What is the remainder when 49 is divided by 5?
4
What is the remainder when 1149 is divided by 61?
51
What is the remainder when 745 is divided by 94?
87
Calculate the remainder when 107 is divided by 21.
2
Calculate the remainder when 185 is divided by 14.
3
Calculate the remainder when 3915 is divided by 1955.
5
Calculate the remainder when 72 is divided by 19.
15
Calculate the remainder when 432 is divided by 141.
9
What is the remainder when 282 is divided by 171?
111
What is the remainder when 2048 is divided by 511?
4
What is the remainder when 1314 is divided by 328?
2
Calculate the remainder when 2968 is divided by 124.
116
Calculate the remainder when 459 is divided by 95.
79
What is the remainder when 107 is divided by 41?
25
Calculate the remainder when 821 is divided by 271.
8
Calculate the remainder when 2221 is divided by 14.
9
What is the remainder when 42 is divided by 25?
17
What is the remainder when 118 is divided by 27?
10
Calculate the remainder when 35 is divided by 33.
2
Calculate the remainder when 27675 is divided by 13.
11
Calculate the remainder when 510 is divided by 73.
72
Calculate the remainder when 262 is divided by 91.
80
What is the remainder when 103 is divided by 39?
25
Calculate the remainder when 62 is divided by 42.
20
What is the remainder when 2152 is divided by 144?
136
What is the remainder when 93 is divided by 80?
13
Calculate the remainder when 750 is divided by 27.
21
Calculate the remainder when 3377 is divided by 36.
29
What is the remainder when 232 is divided by 13?
11
What is the remainder when 2644 is divided by 18?
16
Calculate the remainder when 651 is divided by 646.
5
What is the remainder when 188 is divided by 32?
28
What is the remainder when 281 is divided by 77?
50
What is the remainder when 197 is divided by 195?
2
What is the remainder when 49 is divided by 11?
5
Calculate the remainder when 627 is divided by 30.
27
Calculate the remainder when 678 is divided by 68.
66
What is the remainder when 127905 is divided by 204?
201
Calculate the remainder when 26 is divided by 19.
7
Calculate the remainder when 253 is divided by 86.
81
Calculate the remainder when 52 is divided by 18.
16
Calculate the remainder when 103 is divided by 31.
10
Calculate the remainder when 324 is divided by 33.
27
What is the remainder when 117 is divided by 40?
37
Calculate the remainder when 3593 is divided by 1192.
17
What is the remainder when 230 is divided by 13?
9
What is the remainder when 21808 is divided by 17?
14
What is the remainder when 277 is divided by 72?
61
Calculate the remainder when 50 is divided by 13.
11
Calculate the remainder when 412 is divided by 21.
13
Calculate the remainder when 164 is divided by 27.
2
Calculate the remainder when 1270 is divided by 105.
10
Calculate the remainder when 154 is divided by 77.
0
What is the remainder when 956 is divided by 31?
26
What is the remainder when 38046 is divided by 10?
6
What is the remainder when 574 is divided by 18?
16
Calculate the remainder when 419 is divided by 112.
83
Calculate the remainder when 564 is divided by 188.
0
What is the remainder when 59 is divided by 22?
15
What is the remainder when 224 is divided by 19?
15
Calculate the remainder when 131 is divided by 12.
11
What is the remainder when 31751 is divided by 7?
6
What is the remainder when 29 is divided by 6?
5
What is the remainder when 101 is divided by 77?
24
Calculate the remainder when 107 is divided by 96.
11
What is the remainder when 167 is divided by 56?
55
What is the remainder when 201 is divided by 30?
21
Calculate the remainder when 759 is divided by 19.
18
What is the remainder when 4238 is divided by 53?
51
What is the remainder when 211 is divided by 95?
21
Calculate the remainder when 3863 is divided by 121.
112
What is the remainder when 233 is divided by 26?
25
Calculate the remainder when 5493 is divided by 141.
135
What is the remainder when 544 is divided by 123?
52
What is the remainder when 347 is divided by 123?
101
Calculate the remainder when 376 is divided by 33.
13
What is the remainder when 86 is divided by 25?
11
Calculate the remainder when 119 is divided by 10.
9
Calculate the remainder when 645 is divided by 316.
13
Calculate the remainder when 368 is divided by 184.
0
What is the remainder when 119 is divided by 21?
14
Calculate the remainder when 460 is divided by 449.
11
Calculate the remainder when 547 is divided by 504.
43
What is the remainder when 4102 is divided by 24?
22
What is the remainder when 121 is divided by 53?
15
What is the remainder when 329 is divided by 22?
21
Calculate the remainder when 572 is divided by 54.
32
Calculate the remainder when 403 is divided by 69.
58
What is the remainder when 71 is divided by 4?
3
What is the remainder when 1707 is divided by 61?
60
What is the remainder when 39 is divided by 20?
19
Calculate the remainder when 2485 is divided by 104.
93
What is the remainder when 4215 is divided by 28?
15
What is the remainder when 401 is divided by 371?
30
What is the remainder when 327 is divided by 22?
19
What is the remainder when 2483 is divided by 46?
45
What is the remainder when 272 is divided by 124?
24
What is the remainder when 206 is divided by 35?
31
What is the remainder when 237 is divided by 10?
7
What is the remainder when 94 is divided by 32?
30
What is the remainder when 188 is divided by 27?
26
What is the remainder when 213 is divided by 112?
101
What is the remainder when 547 is divided by 43?
31
Calculate the remainder when 1574 is divided by 75.
74
What is the remainder when 1173 is divided by 24?
21
Calculate the remainder when 429 is divided by 109.
102
What is the remainder when 1133 is divided by 143?
132
What is the remainder when 652 is divided by 177?
121
Calculate the remainder when 239 is divided by 40.
39
Calculate the remainder when 1976 is divided by 644.
44
Calculate the remainder when 844 is divided by 94.
92
What is the remainder when 1501 is divided by 221?
175
What is the remainder when 573 is divided by 86?
57
What is the remainder when 1058 is divided by 1022?
36
What is the remainder when 147 is divided by 69?
9
What is the remainder when 10691 is divided by 27?
26
What is the remainder when 120 is divided by 42?
36
Calculate the remainder when 193 is divided by 61.
10
Calculate the remainder when 284 is divided by 32.
28
What is the remainder when 26 is divided by 4?
2
What is the remainder when 75 is divided by 51?
24
Calculate the remainder when 15826 is divided by 12.
10
Calculate the remainder when 560 is divided by 94.
90
Calculate the remainder when 2487 is divided by 224.
23
Calculate the remainder when 82 is divided by 20.
2
What is the remainder when 4059 is divided by 58?
57
What is the remainder when 422 is divided by 53?
51
Calculate the remainder when 852 is divided by 409.
34
What is the remainder when 1074 is divided by 4?
2
What is the remainder when 581 is divided by 9?
5
Calculate the remainder when 93 is divided by 5.
3
Calculate the remainder when 74 is divided by 39.
35
What is the remainder when 529 is divided by 218?
93
What is the remainder when 1965 is divided by 82?
79
What is the remainder when 81 is divided by 19?
5
Calculate the remainder when 218 is divided by 38.
28
What is the remainder when 85 is divided by